uppose 3*s + 561 = -0*s + 3*v, -5*s = 3*v + 911. Let z = s + 531. List the prime factors of z.
347
Let z = 75 + -51. Let a(u) = -4*u + 7*u + 4 - z + 2*u. List the prime factors of a(18).
2, 5, 7
Let m(g) = 2*g**2 + 11*g + 40. Let r be m(-13). Let u = r + -92. Let p = 251 - u. What are the prime factors of p?
2, 3
Let n(q) = 544*q**2 - 180*q + 60. List the prime factors of n(-5).
2, 5, 7, 13
Let l(w) = w - 2 - 11*w**2 + 14*w**2 - w**2 + 1. Let o(y) = 4*y**2 + 13*y + 12. Let s(k) = 4*l(k) - o(k). What are the prime factors of s(-6)?
2, 7, 13
Let y be (4/(-6))/(12/(-18))*-119. Let l = y + 118. List the prime factors of l/(526/3014 - (-4)/(-22)).
137
Let h = 65 - 45. Suppose h*r - 15*r = -10. List the prime factors of 6 + 32 - (-2)/(2/r).
2, 3
Let u(c) = -21*c**2 - c + 29. Let w be u(5). Let j = w - -797. What are the prime factors of j?
2, 37
List the prime factors of ((-232)/348)/((-4)/47646).
3, 2647
Suppose -4*q + 4*p = -20, -12*q - 5*p + 25 = -7*q. Suppose 11*h - s - 1970 = 8*h, q*h - 3286 = -s. What are the prime factors of h?
3, 73
Suppose 7*f - 156 = -100. What are the prime factors of 677 - -2 - f - 2?
3, 223
Suppose 10*m - m = -2*m + 110. List the prime factors of m.
2, 5
Suppose 0 = 29*v - 34*v + 5. Suppose -3*h - v = 5, 5*f - 3*h = 1441. List the prime factors of f.
7, 41
Let z(w) = -2*w**3 - 16*w**2 + 238*w - 4. What are the prime factors of z(-23)?
2, 3, 433
Let s(j) = -2*j**3 - 6*j**2 - 3*j - 4. Let u be s(-3). Suppose 5*i = -5*l + 360, l = -2*i + u*l + 174. What are the prime factors of i?
7, 11
Suppose -514*d + 916120 = -144*d. List the prime factors of d.
2, 619
Suppose -2*h - 2*h = 2*f + 738, 3*f + 546 = -3*h. Let n = h - -25. Let j = -88 - n. What are the prime factors of j?
2, 37
Let q be (2 - -11)/(106/52 - 2). Suppose 11*s - 5508 + q = 0. List the prime factors of s.
2, 5, 47
Let n = 14 - 14. Suppose n = 2*l + 14 + 8. What are the prime factors of 2/l - 18356/(-286)?
2
Let o = -1492 - -3261. What are the prime factors of o?
29, 61
Let o = 809 + -801. Suppose o*w - 13*w = -4*q + 3932, -2*q = -w - 1966. List the prime factors of q.
983
Let b(l) = 31*l**3 + 6*l**2 - 7*l - 2. Let w be b(4). Suppose -y + w = 5*q, 3*q - y - 3*y - 1230 = 0. List the prime factors of q.
2, 5, 41
Let m(w) = -w**2 + 8*w - 12. Let q be m(4). Let c be (-145)/(-10) - (2 + (-6)/q). Suppose -6*y = -c*y + 704. List the prime factors of y.
2, 11
List the prime factors of (-387875)/(-50)*(0 + 32/40).
2, 29, 107
Suppose 3*j - 4*p = -0*p + 30303, 6 = -p. What are the prime factors of j?
10093
Let i = -46 - 9. Let c = i + 60. Suppose 4*j + c*z - 313 = 0, 5*j + 3*z = -105 + 480. What are the prime factors of j?
2, 3
Let x(m) = -176*m + 289. Let j(p) = -p - 2. Let t(f) = 3*j(f) - x(f). What are the prime factors of t(9)?
2, 631
Let w(l) = 2*l**2 - 11*l - 3. Let x be w(7). Suppose -x*k + 19*k - 5004 = 0. What are the prime factors of k/66 + (-2)/(-11)?
2, 19
Let r = -44 - -13. Let v = r + 33. Suppose -v*k + 0*k + 4 = 0, -3*b = k - 260. List the prime factors of b.
2, 43
Suppose -8*m - 8 = -24. Suppose w = -m*s + 5, 4*s - 3*w + 0 = 5. Suppose -5*a - l - l = -380, -s*a + 171 = -3*l. List the prime factors of a.
2, 3, 13
List the prime factors of (-10)/(-225) - 140096768/(-2520).
2, 7, 11, 19
Suppose 108258 + 152662 = 22*s. What are the prime factors of s?
2, 5, 593
Let y(u) = -u - 9. Let z be y(6). List the prime factors of 90/(5/(z/(-2))).
3, 5
What are the prime factors of ((-2643)/15 - -3)/(300/(-84750))?
113, 433
Suppose 2615 = j - 5*r, -2*j + 0*j + 5195 = -3*r. List the prime factors of j.
2, 5, 7, 37
Let r(g) = -8972*g**3 + 4*g**2 + 9*g + 7. List the prime factors of r(-1).
2, 7, 641
Let f(b) = 916*b**2 + 2*b - 7. List the prime factors of f(2).
7, 523
Let a(q) = -7*q**2 + 12 + 26*q - 2*q**2 + 4*q**3 - 2*q**2 - 5*q**3. Let l be a(-13). Suppose -7*s = l*s - 3743. What are the prime factors of s?
197
Suppose 4*b - 100 = -4*v, -v = -b - 3*b. Let l be (-14)/(-4) - 10/v. What are the prime factors of 1/l - 195/(-9)?
2, 11
Suppose 4*y = 37*g - 35*g - 1512, -5*g - 3*y + 3780 = 0. List the prime factors of g.
2, 3, 7
Let c(m) = -142*m - 3926 + 46*m + 3919. What are the prime factors of c(-9)?
857
Let y = 18535 - -27110. What are the prime factors of y?
3, 5, 17, 179
Suppose -9*u + 43 = 7. Let b(y) = 41*y + 12. What are the prime factors of b(u)?
2, 11
Let z = 487 + 3818. Suppose 3*f - 4*o = 3219, f - o - z = -3*f. What are the prime factors of f?
3, 359
Suppose 0 = 3*j, -4*z + z - 2*j + 9 = 0. What are the prime factors of z*(955/15 + -4)?
179
Let m(w) = 60*w + 732. Let d be m(-11). Let u be 3/(-2*(-2)/(-48)). Let r = d + u. List the prime factors of r.
2, 3
Let x(p) be the third derivative of p**4/6 + 5*p**2. Suppose -179 + 36 = -11*h. What are the prime factors of x(h)?
2, 13
Suppose 0 = 4*s + 4*z - 6352, 3*z - 8561 = -5*s - 625. Suppose -4*b + s = 5*g, -3*b = 12*g - 11*g - 1195. List the prime factors of b.
3, 7, 19
Let z = 3520 + 5923. What are the prime factors of z?
7, 19, 71
Suppose -4*w + 18 = -22. Suppose -w = -2*f + 4. Suppose -18 = f*j - 613. List the prime factors of j.
5, 17
Let n = 102 + -68. Let s = -29 + n. Suppose -2*d = -s*r + 3*d + 590, -5*d + 560 = 5*r. List the prime factors of r.
5, 23
Let r be (-11)/(-7) + (-4)/7. Suppose 0 = -8*v - r + 1. Suppose v = -d + 146 - 28. What are the prime factors of d?
2, 59
Let y = 1114 - 506. Suppose -5*g - 777 = -u + 730, -2*g + 3*u - y = 0. List the prime factors of (g - 1)*(-19)/38.
151
Let p(x) = 68*x + 79. Let n(g) = -70*g - 80. Let i(f) = 5*n(f) + 6*p(f). What are the prime factors of i(6)?
2, 211
Suppose 0 = -2*r - 5*c + 1614, 2*r = 5*c - 4*c + 1590. Suppose -113 = 9*u - r. List the prime factors of u.
2, 19
Suppose -35*v = n - 30*v - 18686, 2*v + 56160 = 3*n. What are the prime factors of n?
2, 4679
Suppose 23*p - 45293 = 125827. What are the prime factors of (p/36)/((-1)/(-3))?
2, 5, 31
Let n(w) = 4*w + 34. Let l be n(-8). Let j(h) = -16*h + 20. Let v be j(l). What are the prime factors of (11 + v)*(-201 - (2 - 2))?
3, 67
Suppose 43*m = 37384 + 113886 - 45834. List the prime factors of m.
2, 613
Let n be 5/(3 - (-20)/(-7)). Let c = n - 17. Suppose -4*f + c = -14. List the prime factors of f.
2
What are the prime factors of (-2)/3*54/36*(-6836 + -1)?
3, 43, 53
Let u be 168/49 + (-3)/7. Suppose 5*o - 3*p - u = -0*p, -p = 4*o - 16. What are the prime factors of o*38 + 3 + 1?
2, 59
Let j be ((-4)/7)/(46/(-161)). Let x be 3/j*(-4 + 6). Let p(h) = 3*h**3 + 4*h**2 - 10*h + 4. What are the prime factors of p(x)?
7, 13
Let p = 5703 + -364. What are the prime factors of p?
19, 281
Let c(z) = z**2 - 2*z + 2. Let q be c(-5). Let x = q + -34. Suppose -x*h = -3*d + 405, 3*d + 0*h - 2*h = 407. List the prime factors of d.
137
Let u = 21 - 18. Suppose -5*g - u*s + 1296 = -1758, -2*g + s = -1215. What are the prime factors of g?
3, 7, 29
Let v = -969 + 6371. List the prime factors of v.
2, 37, 73
Let l = -17 + 31. Let h be (-5)/(-2) - 7/l. Suppose -k - 2*d + 59 = h*d, 0 = 2*k + 5*d - 109. What are the prime factors of k?
47
Suppose 113*x - 5002 = -3*j + 112*x, 0 = -4*j + 2*x + 6666. List the prime factors of j.
1667
Suppose -34*t + 92935 = -274095. What are the prime factors of t?
5, 17, 127
Let k(l) = 107*l**2 + 4*l + 4. Let g(w) = -w**2 - 23*w - 2. Let t be g(-23). List the prime factors of k(t).
2, 53
Let c = 21828 + -3008. List the prime factors of c.
2, 5, 941
Let n be 84/(-8)*(-12)/9. Suppose -5*a - 648 = -n*a. Let o = a - -29. What are the prime factors of o?
101
Let z(m) = -46 - 167*m + 97 - 46. List the prime factors of z(-6).
19, 53
Let i(y) = -3*y + 3*y**3 + 46 - 2*y**2 - 4*y**3 - 3 + 2*y. Let z = 115 - 115. List the prime factors of i(z).
43
Let f(p) = -p**2 + 7*p + 8. Suppose -2*l - 2*l + 47 = -5*c, -2*l + 25 = -3*c. Let z be f(l). Suppose 6*g + g - 616 = z. What are the prime factors of g?
2, 11
Let r(d) = 50631*d**2 + 81*d + 80. What are the prime factors of r(-1)?
2, 5, 61, 83
Suppose 0 = -v - 5*a + 803, 3*v = -0*a - 2*a + 2370. Suppose -2*c - 1584 = -2*i, i - 2*i + v = -2*c. List the prime factors of i.
2, 199
Let k be (2/4 + -1)/(5/(-110)). Let g(q) = 1 - k - 7*q - 18. List the prime factors of g(-16).
2, 3, 7
What are the prime factors of ((-692)/16)/(46/8 - 6)?
173
Let t be 4 + -6 + 1890/(3 + 3). L